 Suppose k*f + f - 3*q - 638 = 0, 2*f - 258 = 4*q. List the prime factors of f.
127
Suppose 3*j + 68*j = 5*j + 471966. What are the prime factors of j?
7151
Suppose -28*d + 870 = -27*d. Suppose d = 4*n + s - 6*s, -s = -2. List the prime factors of n.
2, 5, 11
Let o(h) = -3*h + 36. Let u be o(8). What are the prime factors of u/(-24) - 1111/(-2)?
3, 5, 37
Let c(a) = 732*a - 2802. What are the prime factors of c(19)?
2, 3, 617
List the prime factors of 54/5*(-38610)/(-36) + (0 - -3).
2, 3, 1931
Let l(f) = -19427*f - 8895. List the prime factors of l(-4).
68813
Let f(u) = -108*u**3 - 7*u**2 - 4*u + 5. Let s(g) = -107*g**3 - 6*g**2 - 3*g + 5. Let z(t) = -4*f(t) + 5*s(t). What are the prime factors of z(-2)?
3, 7, 13
Let o(m) = m + 18. Let k be o(0). Let l(s) = -s**3 + 19*s**2 - 16*s + 12. List the prime factors of l(k).
2, 3
Let d(r) = -13*r**3 + r**2 + 4*r - 5. Let t be d(1). Let o(j) = 12*j - 18. Let s(a) = a - 1. Let k(i) = -o(i) + 6*s(i). List the prime factors of k(t).
2, 3, 5
Let o(q) = -2*q - 25. Let z be o(-14). Suppose -3*g + 47 = t, 0 = 3*t + z*g - 84 - 45. List the prime factors of (t/(-2))/(-2*4/48).
3, 41
Suppose -10*x - b - 7224 = -12*x, 3*x - 10877 = -19*b. What are the prime factors of x?
3613
Let q be (230/45 - 2) + 4/(-36). Suppose 5*x - 837 = 2*x. Suppose -x = -2*j - h, -5*h + q*h = -j + 137. List the prime factors of j.
139
Suppose -2*i = -5*i - 0*i. Let m = i - -4. Suppose -5*z + 578 = 2*o, m*o = -2*z + 823 + 301. List the prime factors of o.
3, 31
Let g = 10417 + -5135. List the prime factors of g.
2, 19, 139
Let r(a) = a**3 - 72*a**2 + 218*a - 486. What are the prime factors of r(69)?
3, 7, 13
Let u(n) = -4*n - 6. Let k(s) = 231 + s - 231. Let l be k(-3). List the prime factors of u(l).
2, 3
Let k = 493 + -484. Suppose -k*f = 515 - 6104. List the prime factors of f.
3, 23
Let z(n) = -238*n - 308. Let a(x) = -24*x - 31. Let c(m) = -42*a(m) + 4*z(m). What are the prime factors of c(14)?
2, 7, 61
Let w(s) = 184*s**3 + 7*s**2 - 13*s - 9. List the prime factors of w(5).
13, 1777
Let a be (-5)/((-195)/6) + 16/(-104). Suppose a = 4*n - 2*q + 2, -3 = -4*n + 2*q - q. Suppose 0 = -n*i - 102 + 566. What are the prime factors of i?
2, 29
Let s(z) = 30*z**3 - 3*z**2 + 6*z - 3. Let p be s(1). Suppose 5*a + p*q - 2524 = 33*q, 4*q + 515 = a. List the prime factors of a.
503
Let h(y) = -3*y**2 + 174*y + 219. What are the prime factors of h(52)?
3, 5, 7, 11
Suppose 34*h + 2328 = -2262. Let j = 448 - h. List the prime factors of j.
11, 53
Let r(q) = -q**3 - 14*q**2 - 12*q + 15. Let j be r(-13). Let u be j/(-3)*912/(-32). Suppose 2*z + u = 55. List the prime factors of z.
2, 3
Let j = 962 + 9216. What are the prime factors of j?
2, 7, 727
Suppose -4899151 - 4999437 + 1699463 = -275*c. List the prime factors of c.
5, 67, 89
Suppose -3*d - 18 = 5*a + 40, -5*d + a - 134 = 0. Let k be d*6*4/12. What are the prime factors of k/(-13) + (161 - -1)?
2, 83
Let u = 427 - 447. Let y(q) = -q**2 - 36*q + 86. What are the prime factors of y(u)?
2, 7, 29
List the prime factors of ((-1317)/(-6))/(7/(3 + 2097)).
2, 3, 5, 439
Suppose -2 = -u, -4*f - u + 2*u = -3390. Suppose 0 = 5*n - 2*x - f, 2*n + 3*x - 339 = 4*x. What are the prime factors of n?
2, 5, 17
Let j(b) = -2*b**3 - b - 1. Let a(g) = -12*g**3 + 5*g**2 - 6*g - 4. Let z(r) = a(r) - 5*j(r). List the prime factors of z(-3).
103
Suppose 42633 = -10*u - 156667. List the prime factors of u/(-70) - 2/(-7).
3, 5, 19
Suppose 3*l + 14268 = 2*p, -3*l = -p + 5*p - 28482. What are the prime factors of p?
3, 5, 19
Suppose 5*q = o - 6701, 4*q = -45*o + 50*o - 33610. What are the prime factors of o?
2, 3, 19, 59
Suppose 0 = -4*k + 62 + 18. Let g be -4 + 2 + -2 + k. Let h = 44 - g. List the prime factors of h.
2, 7
Let v be (-1)/(-1) - (9 + -13). Suppose 0 = -2*b + v*b - 837. What are the prime factors of b?
3, 31
Let a(r) = r**2 - 17*r + 84. Let x = 429 + -457. What are the prime factors of a(x)?
2, 3, 7
Let f be ((-2532)/8)/((-6)/12). Let c = -380 + f. List the prime factors of c.
11, 23
What are the prime factors of 367620/28 + (-80)/280?
19, 691
Let v(s) = 8*s**2 - 3. Let b(q) = -23*q**2 + 9. Let l(x) = -4*b(x) - 11*v(x). Let o be ((-40)/24 - -2) + 48/(-9). What are the prime factors of l(o)?
97
Let j(i) = -140*i**2 + i + 1. Let t be j(-2). Let m = 715 - 1078. Let b = m - t. List the prime factors of b.
2, 3, 11
Let h = -4442 + 10619. List the prime factors of h.
3, 29, 71
Suppose 0*b + 3 = 4*b - u, 3*u = -2*b - 9. Suppose b = h + p - 25, 3*h - 45 = 7*p - 4*p. Let m = 59 - h. List the prime factors of m.
3, 13
Let p(b) = 683*b - 1473. What are the prime factors of p(23)?
2, 3559
Let h = 36547 + -24491. What are the prime factors of h?
2, 11, 137
Let z = -43 + 38. Let r(h) = -h**3 - 5*h**2 + 3. Let c be r(z). What are the prime factors of 45 - (c + 0 + -3)?
3, 5
Let l(t) = -5*t**2 - 3*t. Let w(d) = -4*d**2 - 4*d - 1. Let o(r) = -5*l(r) + 6*w(r). Let n be o(10). Suppose -3*y + 14 = -n. List the prime factors of y.
2, 3
Let q be (20/(-5) - -13)*128. Let j = q + -625. List the prime factors of j.
17, 31
Let c(t) = 10039*t + 11. Let k be c(1). Suppose -k = -11*y + 4767. List the prime factors of y.
3, 449
Suppose -5*u - 17 - 3 = 0, u + 65 = t. Suppose -r + t = -70. List the prime factors of r.
131
Let s be (-2 - -7) + 2 + (-1 - 3). Suppose -s*t = -9*t + 984. Let x = t - 102. What are the prime factors of x?
2, 31
Suppose 4 = -6*s + 5*s. Let q(j) be the second derivative of -j**4/6 - 17*j**3/6 - j**2 - 37*j. List the prime factors of q(s).
2, 17
Suppose 5*u + 11770 = -17*u. Let a = -243 - u. List the prime factors of a.
2, 73
List the prime factors of 43140/15 + (-3 - 0).
13, 17
Let s = 540 - 537. Suppose 0*p - 2*k = s*p - 1339, -4*p + 1784 = 3*k. What are the prime factors of p?
449
Let h = 67803 - 27766. List the prime factors of h.
40037
Suppose y + 1884 - 4473 = -5*t, 2*y + 3*t - 5171 = 0. List the prime factors of y.
2, 17, 19
Let u(d) = 429*d**2 - 44*d - 156. What are the prime factors of u(-5)?
10789
Let x(n) = 2*n**2 - 8*n + 1419. List the prime factors of x(-97).
21013
Let k(r) be the second derivative of -1/20*r**5 - 5/12*r**4 - 14*r - 1/6*r**3 + 0 + 1/2*r**2. What are the prime factors of k(-6)?
43
Let c be (-1102)/(18/(-12)*6/9). Let d = c - 785. What are the prime factors of d?
317
Let o(i) be the third derivative of 0 - 14*i**2 + 1/8*i**4 + 0*i + 17/6*i**3. List the prime factors of o(14).
59
Let h = 752 - 440. Suppose 47*u - 44*u = h. What are the prime factors of u?
2, 13
Let m(g) = 6*g**2 - 85*g - 29. Suppose -126 = -5*h + 3*o - 14, -5*h - 3*o = -88. What are the prime factors of m(h)?
11, 61
List the prime factors of 440/16*22/55*995.
5, 11, 199
Suppose -24*u - 9008 = -26*u. Suppose 385 - u = -3*c + h, -3*c + 4119 = 2*h. List the prime factors of c.
1373
Suppose 10*x = 29 + 11. Let h be x - (12/(-3) - 209). Let n = h + -109. What are the prime factors of n?
2, 3
Let b(k) = k**2 + 6*k - 9. Let j be b(-9). Suppose -5*d = -v - 5413, -16*d + 3*v - 2172 = -j*d. List the prime factors of d.
3, 19
Let c = -77 + 96. Suppose 6 = c*t - 21*t. What are the prime factors of 3 - t*81 - 2?
2, 61
Suppose -186*s + 2399819 = 2202732 - 4114021. List the prime factors of s.
2, 3, 3863
Suppose 11*q - 2760 = 9*q + 4*z, 0 = -q + 5*z + 1374. Let k = q - 653. List the prime factors of k.
17, 43
Let f(p) be the second derivative of p**5/20 - p**4/12 + p**3/3 - 3*p**2 - 45*p. Suppose 0*a - 3*a + 6 = 0. What are the prime factors of f(a)?
2
Suppose 352 + 767 = -3*c. Let b = 48 + c. Let z = b - -565. List the prime factors of z.
2, 3, 5
Suppose o - 3*o + 4*j + 52 = 0, -2*o + j + 49 = 0. Suppose 13*f - o*f + 44 = 0. Suppose 0 = f*q + 49 - 313. What are the prime factors of q?
2, 3, 11
Let d be 420/45*18/(-8)*-1. Suppose -4826 - 8089 = -d*f. What are the prime factors of f?
3, 5, 41
Let c = 17109 - 7329. List the prime factors of c.
2, 3, 5, 163
Suppose 5*i = -4*l - 3, l + 2*l + 2*i = 3. Suppose l*k = 586 + 188. Suppose -5*p = -2*f - 321, 5*f - 6*f = -4*p + k. What are the prime factors of p?
5, 13
Let a be (6 - (-36)/15) + 3/5. Suppose 656 = a*u - 604. List the prime factors of u.
2, 5, 7
Let b = 34886 - 6743. List the prime factors of b.
3, 53, 59
Suppose 4*f = 5*m + 12, 5*f + 14 = 4. Let i be 237/((m + 7)/3). Suppose -i = -9*